{"id":56198,"date":"2022-11-19T20:27:50","date_gmt":"2022-11-19T20:27:50","guid":{"rendered":"https:\/\/drem.store\/?product=dexas-mudbuster-portable-dog-paw-washer-paw-cleaner"},"modified":"2025-10-02T01:20:24","modified_gmt":"2025-10-02T01:20:24","slug":"dexas-mudbuster-portable-dog-paw-washer-paw-cleaner","status":"publish","type":"product","link":"https:\/\/drem.store\/?product=dexas-mudbuster-portable-dog-paw-washer-paw-cleaner","title":{"rendered":"Dexas MudBuster Portable Dog Paw Cleaner, Medium, Blue"},"content":{"rendered":"<p>&nbsp;<\/p>\n<p><!-- show up to 2 reviews by default --><span dir=\"auto\" style=\"vertical-align: inherit;\"><span dir=\"auto\" style=\"vertical-align: inherit;\"><span dir=\"auto\" style=\"vertical-align: inherit;\"><span dir=\"auto\" style=\"vertical-align: inherit;\">El Dexas MudBuster es una forma nueva, innovadora y sencilla de enjuagar las patas sucias o embarradas de tu perro, \u00a1antes de que las manche por toda la casa! Usar el MudBuster es muy f\u00e1cil: \u00a1entran las patas embarradas y salen las limpias! Para usarlo, a\u00f1ade un poco de agua a la base del MudBuster. Luego, inserta la pata embarrada, gira, s\u00e9cala con toques suaves y repite el proceso con las otras 3 patas. El MudBuster cuenta con una serie de cerdas de silicona suaves, delicadas y gruesas dentro de un vaso de f\u00e1cil agarre. Dise\u00f1ado para ser delicado con la pata de tu perro, las cerdas de silicona aflojar\u00e1n suavemente el barro y la suciedad, manteniendo el desorden en el MudBuster y no en tu casa o coche. El MudBuster es ideal para ir al parque, hacer senderismo, correr o incluso jugar al aire libre. El MudBuster mediano tiene un tama\u00f1o especial para razas de tama\u00f1o mediano a grande. \u00a1Libre de BPA! Adem\u00e1s de herramientas de aseo, Dexas ofrece una amplia gama de art\u00edculos para mascotas, incluida la popular colecci\u00f3n Popware for Pets. El MudBuster es un producto patentado: Patente n.\u00b0 D799,126, con patentes en EE.UU. UU. y en el extranjero pendientes. Las razas incluyen pastor australiano, beagle, border collie, b\u00f3xer, corgi, bulldog ingl\u00e9s y muchos terriers. Para perros con alergias ambientales de contacto. Enjuagarles las patas antes de entrar a casa ayuda a eliminar los irritantes y reducir la cantidad de al\u00e9rgenos que entran a su casa.<\/span><\/span><\/span><\/span><\/p>\n<p><span dir=\"auto\" style=\"vertical-align: inherit;\"><span dir=\"auto\" style=\"vertical-align: inherit;\"><span dir=\"auto\" style=\"vertical-align: inherit;\"><span dir=\"auto\" style=\"vertical-align: inherit;\">Para un uso correcto y una mayor eficacia: El MudBuster mediano tiene el tama\u00f1o perfecto para perros medianos con patas de entre 6,35 cm y 8,95 cm de ancho. El MudBuster mide 15 cm de alto y 10 cm de ancho. <\/span><\/span><\/span><\/span><br \/>\n<span dir=\"auto\" style=\"vertical-align: inherit;\"><span dir=\"auto\" style=\"vertical-align: inherit;\"><span dir=\"auto\" style=\"vertical-align: inherit;\"><span dir=\"auto\" style=\"vertical-align: inherit;\">Para usarlo, a\u00f1ada un poco de agua, inserte la pata embarrada, gire el mango, seque la pata con toques suaves y repita el proceso con 3 patas m\u00e1s. <\/span><\/span><\/span><\/span><br \/>\n<span dir=\"auto\" style=\"vertical-align: inherit;\"><span dir=\"auto\" style=\"vertical-align: inherit;\"><span dir=\"auto\" style=\"vertical-align: inherit;\"><span dir=\"auto\" style=\"vertical-align: inherit;\">Las suaves cerdas de silicona ayudar\u00e1n a eliminar la suciedad y el barro de las patas de su perro, manteniendo la suciedad en el MudBuster y no en su casa. <\/span><\/span><\/span><\/span><br \/>\n<span dir=\"auto\" style=\"vertical-align: inherit;\"><span dir=\"auto\" style=\"vertical-align: inherit;\"><span dir=\"auto\" style=\"vertical-align: inherit;\"><span dir=\"auto\" style=\"vertical-align: inherit;\">Tenga el MudBuster a mano despu\u00e9s de ir al parque, despu\u00e9s de paseos o caminatas, o cerca de la puerta de su casa. <\/span><\/span><\/span><\/span><br \/>\n<span dir=\"auto\" style=\"vertical-align: inherit;\"><span dir=\"auto\" style=\"vertical-align: inherit;\"><span dir=\"auto\" style=\"vertical-align: inherit;\"><span dir=\"auto\" style=\"vertical-align: inherit;\">F\u00e1cil y sencillo de usar, solo enjuague y tenga a mano para la pr\u00f3xima vez que se encuentre con barro. Libre de BPA. <\/span><\/span><\/span><\/span><br \/>\n<span dir=\"auto\" style=\"vertical-align: inherit;\"><span dir=\"auto\" style=\"vertical-align: inherit;\"><span dir=\"auto\" style=\"vertical-align: inherit;\"><span dir=\"auto\" style=\"vertical-align: inherit;\">Patente n.\u00b0 D799,126, Patentes estadounidenses y extranjeras pendientes <\/span><\/span><\/span><\/span><br \/>\n<span dir=\"auto\" style=\"vertical-align: inherit;\"><span dir=\"auto\" style=\"vertical-align: inherit;\"><span dir=\"auto\" style=\"vertical-align: inherit;\"><span dir=\"auto\" style=\"vertical-align: inherit;\"><div class=\"main-cross-sell\" data-asin=\"B01N64DCPR\">\n\n\t<div class=\"WooZone-cross-sell-loader\">\n\t\t<div>\n\t\t\t<div id=\"floatingBarsG\">\n\t\t\t\t<div class=\"blockG\" id=\"rotateG_01\"><\/div>\n\t\t\t\t<div class=\"blockG\" id=\"rotateG_02\"><\/div>\n\t\t\t\t<div class=\"blockG\" id=\"rotateG_03\"><\/div>\n\t\t\t\t<div class=\"blockG\" id=\"rotateG_04\"><\/div>\n\t\t\t\t<div class=\"blockG\" id=\"rotateG_05\"><\/div>\n\t\t\t\t<div class=\"blockG\" id=\"rotateG_06\"><\/div>\n\t\t\t\t<div class=\"blockG\" id=\"rotateG_07\"><\/div>\n\t\t\t\t<div class=\"blockG\" id=\"rotateG_08\"><\/div>\n\t\t\t<\/div>\n\t\t\t<div class=\"WooZone-cross-sell-loader-text\"><\/div>\n\t\t<\/div>\n\t<\/div>\n\n\t\t\n<\/div>\n<div style=\"clear:both;\"><\/div><\/span><\/span><\/span><\/span><\/p>\n","protected":false},"excerpt":{"rendered":"<p><span dir=\"auto\" style=\"vertical-align: inherit;\"><span dir=\"auto\" style=\"vertical-align: inherit;\"><span dir=\"auto\" style=\"vertical-align: inherit;\"><span dir=\"auto\" style=\"vertical-align: inherit;\">Para un uso correcto y una mayor eficacia: El MudBuster mediano tiene el tama\u00f1o perfecto para perros medianos con patas de entre 6,35 cm y 8,95 cm de ancho. El MudBuster mide 15 cm de alto y 10 cm de ancho. <\/span><\/span><\/span><\/span><br \/>\n<span dir=\"auto\" style=\"vertical-align: inherit;\"><span dir=\"auto\" style=\"vertical-align: inherit;\"><span dir=\"auto\" style=\"vertical-align: inherit;\"><span dir=\"auto\" style=\"vertical-align: inherit;\">Para usarlo, a\u00f1ada un poco de agua, inserte la pata embarrada, gire el mango, seque la pata con toques suaves y repita el proceso con otras 3 patas. <\/span><\/span><\/span><\/span><br \/>\n<span dir=\"auto\" style=\"vertical-align: inherit;\"><span dir=\"auto\" style=\"vertical-align: inherit;\"><span dir=\"auto\" style=\"vertical-align: inherit;\"><span dir=\"auto\" style=\"vertical-align: inherit;\">Las suaves cerdas de silicona ayudar\u00e1n a eliminar la suciedad y el barro de las patas de su perro, manteniendo el desorden en el MudBuster y no en su casa.<\/span><\/span><\/span><\/span><\/p>\n","protected":false},"featured_media":56206,"comment_status":"open","ping_status":"closed","template":"","meta":[],"product_cat":[10560,10524],"product_tag":[],"class_list":{"0":"post-56198","1":"product","2":"type-product","3":"status-publish","4":"has-post-thumbnail","6":"product_cat-dog-grooming-supplies","7":"product_cat-pet-supplies","8":"pa_brand-visit-the-dexas-store","10":"first","11":"instock","12":"shipping-taxable","13":"product-type-external","14":"col-xs-6 col-sm-4","15":"col-mf-5","16":"un-5-cols"},"yoast_head":"<!-- This site is optimized with the Yoast SEO plugin v23.6 - https:\/\/yoast.com\/wordpress\/plugins\/seo\/ -->\n<title>Dexas MudBuster Portable Dog Paw Cleaner, Medium, Blue - Drem.store<\/title>\n<meta name=\"robots\" content=\"index, follow, max-snippet:-1, max-image-preview:large, max-video-preview:-1\" \/>\n<link rel=\"canonical\" href=\"https:\/\/drem.store\/?product=dexas-mudbuster-portable-dog-paw-washer-paw-cleaner\" \/>\n<meta property=\"og:locale\" content=\"en_US\" \/>\n<meta property=\"og:type\" content=\"article\" \/>\n<meta property=\"og:title\" content=\"Dexas MudBuster Portable Dog Paw Cleaner, Medium, Blue - Drem.store\" \/>\n<meta property=\"og:description\" content=\"Para un uso correcto y una mayor eficacia: El MudBuster mediano tiene el tama\u00f1o perfecto para perros medianos con patas de entre 6,35 cm y 8,95 cm de ancho. El MudBuster mide 15 cm de alto y 10 cm de ancho.  Para usarlo, a\u00f1ada un poco de agua, inserte la pata embarrada, gire el mango, seque la pata con toques suaves y repita el proceso con otras 3 patas.  Las suaves cerdas de silicona ayudar\u00e1n a eliminar la suciedad y el barro de las patas de su perro, manteniendo el desorden en el MudBuster y no en su casa.\" \/>\n<meta property=\"og:url\" content=\"https:\/\/drem.store\/?product=dexas-mudbuster-portable-dog-paw-washer-paw-cleaner\" \/>\n<meta property=\"og:site_name\" content=\"Drem.store\" \/>\n<meta property=\"article:modified_time\" content=\"2025-10-02T01:20:24+00:00\" \/>\n<meta property=\"og:image\" content=\"https:\/\/m.media-amazon.com\/images\/I\/31lwIZV+vBL.jpg\" \/>\n\t<meta property=\"og:image:width\" content=\"500\" \/>\n\t<meta property=\"og:image:height\" content=\"500\" \/>\n\t<meta property=\"og:image:type\" content=\"image\/jpeg\" \/>\n<meta name=\"twitter:card\" content=\"summary_large_image\" \/>\n<meta name=\"twitter:label1\" content=\"Est. reading time\" \/>\n\t<meta name=\"twitter:data1\" content=\"2 minutes\" \/>\n<script type=\"application\/ld+json\" class=\"yoast-schema-graph\">{\"@context\":\"https:\/\/schema.org\",\"@graph\":[{\"@type\":\"WebPage\",\"@id\":\"https:\/\/drem.store\/?product=dexas-mudbuster-portable-dog-paw-washer-paw-cleaner\",\"url\":\"https:\/\/drem.store\/?product=dexas-mudbuster-portable-dog-paw-washer-paw-cleaner\",\"name\":\"Dexas MudBuster Portable Dog Paw Cleaner, Medium, Blue - Drem.store\",\"isPartOf\":{\"@id\":\"https:\/\/drem.store\/#website\"},\"primaryImageOfPage\":{\"@id\":\"https:\/\/drem.store\/?product=dexas-mudbuster-portable-dog-paw-washer-paw-cleaner#primaryimage\"},\"image\":{\"@id\":\"https:\/\/drem.store\/?product=dexas-mudbuster-portable-dog-paw-washer-paw-cleaner#primaryimage\"},\"thumbnailUrl\":\"https:\/\/m.media-amazon.com\/images\/I\/31lwIZV+vBL.jpg\",\"datePublished\":\"2022-11-19T20:27:50+00:00\",\"dateModified\":\"2025-10-02T01:20:24+00:00\",\"breadcrumb\":{\"@id\":\"https:\/\/drem.store\/?product=dexas-mudbuster-portable-dog-paw-washer-paw-cleaner#breadcrumb\"},\"inLanguage\":\"en-US\",\"potentialAction\":[{\"@type\":\"ReadAction\",\"target\":[\"https:\/\/drem.store\/?product=dexas-mudbuster-portable-dog-paw-washer-paw-cleaner\"]}]},{\"@type\":\"ImageObject\",\"inLanguage\":\"en-US\",\"@id\":\"https:\/\/drem.store\/?product=dexas-mudbuster-portable-dog-paw-washer-paw-cleaner#primaryimage\",\"url\":\"https:\/\/m.media-amazon.com\/images\/I\/31lwIZV+vBL.jpg\",\"contentUrl\":\"https:\/\/m.media-amazon.com\/images\/I\/31lwIZV+vBL.jpg\",\"width\":500,\"height\":500},{\"@type\":\"BreadcrumbList\",\"@id\":\"https:\/\/drem.store\/?product=dexas-mudbuster-portable-dog-paw-washer-paw-cleaner#breadcrumb\",\"itemListElement\":[{\"@type\":\"ListItem\",\"position\":1,\"name\":\"Home\",\"item\":\"https:\/\/drem.store\/\"},{\"@type\":\"ListItem\",\"position\":2,\"name\":\"Shop\",\"item\":\"https:\/\/drem.store\/?page_id=9\"},{\"@type\":\"ListItem\",\"position\":3,\"name\":\"Dexas MudBuster Portable Dog Paw Cleaner, Medium, Blue\"}]},{\"@type\":\"WebSite\",\"@id\":\"https:\/\/drem.store\/#website\",\"url\":\"https:\/\/drem.store\/\",\"name\":\"Drem.store\",\"description\":\"\",\"publisher\":{\"@id\":\"https:\/\/drem.store\/#organization\"},\"potentialAction\":[{\"@type\":\"SearchAction\",\"target\":{\"@type\":\"EntryPoint\",\"urlTemplate\":\"https:\/\/drem.store\/?s={search_term_string}\"},\"query-input\":{\"@type\":\"PropertyValueSpecification\",\"valueRequired\":true,\"valueName\":\"search_term_string\"}}],\"inLanguage\":\"en-US\"},{\"@type\":\"Organization\",\"@id\":\"https:\/\/drem.store\/#organization\",\"name\":\"Drem.store\",\"url\":\"https:\/\/drem.store\/\",\"logo\":{\"@type\":\"ImageObject\",\"inLanguage\":\"en-US\",\"@id\":\"https:\/\/drem.store\/#\/schema\/logo\/image\/\",\"url\":\"https:\/\/drem.store\/wp-content\/uploads\/2023\/10\/cropped-4yyy-removebg-preview-1.png\",\"contentUrl\":\"https:\/\/drem.store\/wp-content\/uploads\/2023\/10\/cropped-4yyy-removebg-preview-1.png\",\"width\":512,\"height\":512,\"caption\":\"Drem.store\"},\"image\":{\"@id\":\"https:\/\/drem.store\/#\/schema\/logo\/image\/\"}}]}<\/script>\n<!-- \/ Yoast SEO plugin. -->","yoast_head_json":{"title":"Dexas MudBuster Portable Dog Paw Cleaner, Medium, Blue - Drem.store","robots":{"index":"index","follow":"follow","max-snippet":"max-snippet:-1","max-image-preview":"max-image-preview:large","max-video-preview":"max-video-preview:-1"},"canonical":"https:\/\/drem.store\/?product=dexas-mudbuster-portable-dog-paw-washer-paw-cleaner","og_locale":"en_US","og_type":"article","og_title":"Dexas MudBuster Portable Dog Paw Cleaner, Medium, Blue - Drem.store","og_description":"Para un uso correcto y una mayor eficacia: El MudBuster mediano tiene el tama\u00f1o perfecto para perros medianos con patas de entre 6,35 cm y 8,95 cm de ancho. El MudBuster mide 15 cm de alto y 10 cm de ancho.  Para usarlo, a\u00f1ada un poco de agua, inserte la pata embarrada, gire el mango, seque la pata con toques suaves y repita el proceso con otras 3 patas.  Las suaves cerdas de silicona ayudar\u00e1n a eliminar la suciedad y el barro de las patas de su perro, manteniendo el desorden en el MudBuster y no en su casa.","og_url":"https:\/\/drem.store\/?product=dexas-mudbuster-portable-dog-paw-washer-paw-cleaner","og_site_name":"Drem.store","article_modified_time":"2025-10-02T01:20:24+00:00","og_image":[{"width":500,"height":500,"url":"https:\/\/m.media-amazon.com\/images\/I\/31lwIZV+vBL.jpg","type":"image\/jpeg"}],"twitter_card":"summary_large_image","twitter_misc":{"Est. reading time":"2 minutes"},"schema":{"@context":"https:\/\/schema.org","@graph":[{"@type":"WebPage","@id":"https:\/\/drem.store\/?product=dexas-mudbuster-portable-dog-paw-washer-paw-cleaner","url":"https:\/\/drem.store\/?product=dexas-mudbuster-portable-dog-paw-washer-paw-cleaner","name":"Dexas MudBuster Portable Dog Paw Cleaner, Medium, Blue - Drem.store","isPartOf":{"@id":"https:\/\/drem.store\/#website"},"primaryImageOfPage":{"@id":"https:\/\/drem.store\/?product=dexas-mudbuster-portable-dog-paw-washer-paw-cleaner#primaryimage"},"image":{"@id":"https:\/\/drem.store\/?product=dexas-mudbuster-portable-dog-paw-washer-paw-cleaner#primaryimage"},"thumbnailUrl":"https:\/\/m.media-amazon.com\/images\/I\/31lwIZV+vBL.jpg","datePublished":"2022-11-19T20:27:50+00:00","dateModified":"2025-10-02T01:20:24+00:00","breadcrumb":{"@id":"https:\/\/drem.store\/?product=dexas-mudbuster-portable-dog-paw-washer-paw-cleaner#breadcrumb"},"inLanguage":"en-US","potentialAction":[{"@type":"ReadAction","target":["https:\/\/drem.store\/?product=dexas-mudbuster-portable-dog-paw-washer-paw-cleaner"]}]},{"@type":"ImageObject","inLanguage":"en-US","@id":"https:\/\/drem.store\/?product=dexas-mudbuster-portable-dog-paw-washer-paw-cleaner#primaryimage","url":"https:\/\/m.media-amazon.com\/images\/I\/31lwIZV+vBL.jpg","contentUrl":"https:\/\/m.media-amazon.com\/images\/I\/31lwIZV+vBL.jpg","width":500,"height":500},{"@type":"BreadcrumbList","@id":"https:\/\/drem.store\/?product=dexas-mudbuster-portable-dog-paw-washer-paw-cleaner#breadcrumb","itemListElement":[{"@type":"ListItem","position":1,"name":"Home","item":"https:\/\/drem.store\/"},{"@type":"ListItem","position":2,"name":"Shop","item":"https:\/\/drem.store\/?page_id=9"},{"@type":"ListItem","position":3,"name":"Dexas MudBuster Portable Dog Paw Cleaner, Medium, Blue"}]},{"@type":"WebSite","@id":"https:\/\/drem.store\/#website","url":"https:\/\/drem.store\/","name":"Drem.store","description":"","publisher":{"@id":"https:\/\/drem.store\/#organization"},"potentialAction":[{"@type":"SearchAction","target":{"@type":"EntryPoint","urlTemplate":"https:\/\/drem.store\/?s={search_term_string}"},"query-input":{"@type":"PropertyValueSpecification","valueRequired":true,"valueName":"search_term_string"}}],"inLanguage":"en-US"},{"@type":"Organization","@id":"https:\/\/drem.store\/#organization","name":"Drem.store","url":"https:\/\/drem.store\/","logo":{"@type":"ImageObject","inLanguage":"en-US","@id":"https:\/\/drem.store\/#\/schema\/logo\/image\/","url":"https:\/\/drem.store\/wp-content\/uploads\/2023\/10\/cropped-4yyy-removebg-preview-1.png","contentUrl":"https:\/\/drem.store\/wp-content\/uploads\/2023\/10\/cropped-4yyy-removebg-preview-1.png","width":512,"height":512,"caption":"Drem.store"},"image":{"@id":"https:\/\/drem.store\/#\/schema\/logo\/image\/"}}]}},"_links":{"self":[{"href":"https:\/\/drem.store\/index.php?rest_route=\/wp\/v2\/product\/56198","targetHints":{"allow":["GET"]}}],"collection":[{"href":"https:\/\/drem.store\/index.php?rest_route=\/wp\/v2\/product"}],"about":[{"href":"https:\/\/drem.store\/index.php?rest_route=\/wp\/v2\/types\/product"}],"replies":[{"embeddable":true,"href":"https:\/\/drem.store\/index.php?rest_route=%2Fwp%2Fv2%2Fcomments&post=56198"}],"wp:featuredmedia":[{"embeddable":true,"href":"https:\/\/drem.store\/index.php?rest_route=\/wp\/v2\/media\/56206"}],"wp:attachment":[{"href":"https:\/\/drem.store\/index.php?rest_route=%2Fwp%2Fv2%2Fmedia&parent=56198"}],"wp:term":[{"taxonomy":"product_cat","embeddable":true,"href":"https:\/\/drem.store\/index.php?rest_route=%2Fwp%2Fv2%2Fproduct_cat&post=56198"},{"taxonomy":"product_tag","embeddable":true,"href":"https:\/\/drem.store\/index.php?rest_route=%2Fwp%2Fv2%2Fproduct_tag&post=56198"}],"curies":[{"name":"wp","href":"https:\/\/api.w.org\/{rel}","templated":true}]}}